ase 14, what is -5 - -1556d56?
1556d51
In base 16, what is df4b8 - 1?
df4b7
In base 15, what is 1c + -2e78d8?
-2e78bb
In base 13, what is -3c1b7a6 + -2?
-3c1b7a8
In base 3, what is -1022220001 - 2120?
-1022222121
In base 16, what is aa7 + 97?
b3e
In base 2, what is 100 - -110000011001010100?
110000011001011000
In base 8, what is -26722 - -226040?
177116
In base 15, what is c - 3829beb?
-3829bde
In base 3, what is 1101202110000 + 220?
1101202110220
In base 3, what is 112102211200220 + -101?
112102211200112
In base 11, what is -205 + 12684?
1247a
In base 15, what is -5 + 34e44a?
34e445
In base 6, what is -13 - 42543055?
-42543112
In base 10, what is -5790786 - -14?
-5790772
In base 5, what is 3142301121 - 103?
3142301013
In base 13, what is -2c5 + 1cb8?
19c3
In base 16, what is 2176acb4 + 0?
2176acb4
In base 5, what is -14430112100 - -2?
-14430112043
In base 9, what is 205176 - 257?
204818
In base 8, what is 1126 - -102063?
103211
In base 4, what is 13 - 13023312030?
-13023312011
In base 7, what is -1510330444 + 11?
-1510330433
In base 13, what is -755c71b - -2?
-755c719
In base 4, what is -103 - -1201230022?
1201223313
In base 9, what is -2318 - 1003731?
-1006150
In base 2, what is 10010110100010011 + 1101011?
10010110101111110
In base 12, what is 30566 - -1bb?
30765
In base 12, what is 21 - -1116b8?
111719
In base 4, what is -223 - 201130333?
-201131222
In base 2, what is -111010110010111111 + -101110100011?
-111011100001100010
In base 8, what is -23653020 - 5?
-23653025
In base 13, what is -16c75b + -5?
-16c763
In base 10, what is -8323453 - -2?
-8323451
In base 12, what is -100b10bb + -16?
-100b1115
In base 9, what is -1244565520 - 4?
-1244565524
In base 12, what is 1149819 - -4?
1149821
In base 4, what is 203030333322 + -3?
203030333313
In base 13, what is -3c7 + 588?
191
In base 6, what is 4155 + 252142?
300341
In base 4, what is -1123003001 + -1001?
-1123010002
In base 16, what is -8ba7af - -2?
-8ba7ad
In base 14, what is 3c098 - -7?
3c0a1
In base 14, what is -4 - 172257b?
-1722581
In base 9, what is 4 + -3371826?
-3371822
In base 15, what is 215e12 + -7?
215e0a
In base 15, what is 1b36d - a?
1b363
In base 9, what is 2487 + -78088?
-75501
In base 4, what is 1022220210 + -31111?
1022123033
In base 13, what is 1 - -5765516?
5765517
In base 16, what is 275 + ba5f9?
ba86e
In base 4, what is 13 + -12102000212?
-12102000133
In base 2, what is 11011 + 1011100110000100101000?
1011100110000101000011
In base 12, what is -1146 - 24777b?
-248905
In base 2, what is 1010011101010011101 - -1?
1010011101010011110
In base 11, what is 259575 - -2?
259577
In base 11, what is 20 - -1716a24?
1716a44
In base 6, what is -55531222 - 4?
-55531230
In base 4, what is 112 - -2312021232?
2312022010
In base 9, what is 6346 - -1004?
7351
In base 9, what is 30152587 + -2?
30152585
In base 11, what is -2009579 - 38?
-2009606
In base 15, what is e + -db404c?
-db403d
In base 13, what is -31 - -ac53?
ac22
In base 6, what is -52453055 + 3354?
-52445301
In base 15, what is 561 + -8707?
-8196
In base 16, what is 719eed + 8?
719ef5
In base 11, what is 24 + -761042?
-761019
In base 12, what is -3a068 + 2101?
-37b67
In base 2, what is 1110 + 100011111101010101111110?
100011111101010110001100
In base 4, what is -323221002010 - 33?
-323221002103
In base 3, what is 1201210001000 + -10002?
1201202220221
In base 8, what is 13664106 - -12?
13664120
In base 6, what is -2551225 - 102431?
-3054100
In base 6, what is 2335100 + 444?
2335544
In base 16, what is 20682e2 - 1?
20682e1
In base 3, what is 11200022102 - 1020121?
11122001211
In base 9, what is 50 + 6257555?
6257615
In base 6, what is 4 + -221514053?
-221514045
In base 5, what is 2304 - 30412210?
-30404401
In base 11, what is 93040 - 446a?
89681
In base 9, what is -33 + -30637335?
-30637368
In base 13, what is 194ca - -10?
1950a
In base 6, what is 11401332511 - -4?
11401332515
In base 9, what is -3803322 + 7?
-3803314
In base 8, what is -102 - -1103653?
1103551
In base 10, what is -5160 + -8478?
-13638
In base 15, what is -38 + -c49d3?
-c4a1b
In base 10, what is -27 - -69804?
69777
In base 16, what is 9c7f + 49e?
a11d
In base 4, what is 232 + 12123320?
12130212
In base 9, what is -422323 + 186?
-422126
In base 11, what is -1007183a - -3?
-10071837
In base 10, what is 47 + 290903?
290950
In base 11, what is 64 + -623553a?
-6235486
In base 11, what is -4 - 500892?
-500896
In base 4, what is -301 + -2010012102?
-2010013003
In base 16, what is 38d09 + ef?
38df8
In base 13, what is 3b713802 + -6?
3b7137c9
In base 8, what is -61 - 73234?
-73315
In base 13, what is 98 - -137578?
137643
In base 4, what is -233032231301 - -2?
-233032231233
In base 5, what is -42032223 + 203?
-42032020
In base 2, what is 10011 + -11111010100111011111?
-11111010100111001100
In base 16, what is 33 - ed65?
-ed32
In base 13, what is -22 + aba214?
aba1c2
In base 2, what is 10011 + 111101100100000110?
111101100100011001
In base 3, what is 1001211001 + -11020121?
220120110
In base 14, what is 3503d - 129?
34d14
In base 7, what is -151 - 1165542?
-1166023
In base 3, what is 210021112202 - -121000?
210022010202
In base 8, what is 3107 - -47741?
53050
In base 10, what is 2035 + 877?
2912
In base 8, what is 25635530 - -1?
25635531
In base 3, what is 120212002 - 1011012022?
-120100020
In base 7, what is 36113353 + 5?
36113361
In base 15, what is 88eb2e - -29?
88eb58
In base 13, what is 820 - -44562?
45082
In base 16, what is 4ddadf + 16?
4ddaf5
In base 2, what is 110011 - -101011110111011000111011?
101011110111011001101110
In base 9, what is 61 + -223848?
-223777
In base 2, what is -100001011010101 + -10110111?
-100001110001100
In base 12, what is 16044 - -3b56?
19b9a
In base 5, what is 11114142 + 31124?
11200321
In base 16, what is b7 + -39ecdb?
-39ec24
In base 2, what is 1011 + 10110000010111101001?
10110000010111110100
In base 8, what is -1026536320 + -3?
-1026536323
In base 13, what is -16268 + -2cbb?
-19256
In base 12, what is -11172 - -3b1?
-10981
In base 14, what is 4 + 288d096?
288d09a
In base 9, what is -2 - -23025801?
23025788
In base 16, what is f - -1b4710?
1b471f
In base 2, what is -10000001000000 - -110000010001?
-1010000101111
In base 3, what is -11010210 - 101022022101?
-101110110011
In base 4, what is -203012 + 113221?
-23131
In base 3, what is 2102122 - -211112101?
220222000
In base 2, what is -10001111111001011101 - -111?
-10001111111001010110
In base 7, what is 21362210 - -42?
21362252
In base 16, what is -83dd5d0 + 4?
-83dd5cc
In base 5, what is -130043220 - 2411?
-130101131
In base 4, what is 11020302 + 12032221?
23113123
In base 5, what is -432331130 + -42?
-432331222
In base 11, what is -31194719 + 3?
-31194716
In base 12, what is 1 - -131bb752?
131bb753
In base 4, what is -231212 - 13120302?
-20012120
In base 3, what is -211 + -1122220111022002?
-1122220111022220
In base 10, what is -250050 - -19?
-250031
In base 10, what is -436 + 224871?
224435
In base 2, what is -10001101110000000010 + -1100?
-10001101110000001110
In base 6, what is -1 - -3130525032?
3130525031
In base 14, what is -275d3 - -c8?
-27509
In base 10, what is 2312 - -3940?
6252
In base 3, what is -1221100101011102 - -1200?
-1221100101002202
In base 13, what is 4 - -4a0b51a?
4a0b521
In base 5, what is -1 - 133302322241?
-133302322242
In base 3, what is 10100221 + -12001012?
-1200021
In base 9, what is -31 + 10281062?
10281031
In base 15, what is cb5 - -24d?
1013
In base 8, what is 2 - 11063552?
-11063550
In base 15, what is 535a1 + 6?
535a7
In base 16, what is 69 - -eef6f?
eefd8
In base 12, what is -671265 - 227?
-671490
In base 7, what is 5303 - 4446?
524
In base 7, what is -5150560545 - 2?
-5150560550
In base 4, what is -11 - -10302321101120?
10302321101103
In base 3, what is -11 - 2220001212202?
-2220001212220
In base 4, what is -103132133313 - -11?
-103132133302
In base 9, what is 66411754 + 14?
66411768
In base 12, what is 23 + -1443238?
-1443215
In base 3, what is 11210211 + 200021212022?
200110200010
In base 12, what is -2 + 17a175?
17a173
In base 14, what is 200 + 742d0?
744d0
In base 15, what is 5215d3 + 1?
5215d4
In base 11, what is -629 - -179280?
178752
In base 14, what is -18da720d - -3?
-18da720a
In base 7, what is 5643513045 - 1?
5643513044
In base 16, what is 1 